t g = -2 - -2. Calculate c(g).
11
Let m(h) = h + 11. Let g be m(-8). Let z(v) = 6*v**3 - g*v - v + v**2 + 4*v - 1. What is z(-1)?
-6
Let b be (0/(-4) - -1)*0. Let s(z) = -5*z**3 + 4*z**2 + 3*z + 8. Let u(p) = -4*p**3 + 3*p**2 + 2*p + 7. Let y(i) = -3*s(i) + 4*u(i). Give y(b).
4
Let n(t) be the third derivative of -t**6/120 + t**5/60 + t**4/6 + t**3/6 - 3*t**2. Suppose -6*w = -2*w - 12. Determine n(w).
-5
Let x(t) = t**3 - 5*t**2 - 4*t - 8. Suppose 3 = v, 4*f - 31 + 11 = -4*v. Suppose -32 = -5*j - f. Give x(j).
4
Let f(b) = 3*b - 5. Let x(l) = 10 - 6 - 7*l + 7. Suppose -a + 6 - 1 = 0. Let z(v) = a*f(v) + 2*x(v). Determine z(2).
-1
Let r(m) = -m**2 + 6*m - 5. Let v = -3 - -2. Let w = 5 - v. Give r(w).
-5
Suppose 3*t + 2 = -4*c - 17, 0 = 4*c + 4. Let p = -8 - t. Let j(f) be the third derivative of f**5/30 + f**4/8 - f**3/2 + f**2. What is j(p)?
6
Let n(k) be the first derivative of 1/4*k**4 - 5/3*k**3 + k**2 - 3 + 2*k. What is n(4)?
-6
Let h(v) = -v**2 + v. Let i(a) = 2*a. Let w be -4 - (-8 + (-12)/(-4)). Let u(n) = w*i(n) - 3*h(n). Calculate u(-1).
4
Let h(w) = 7*w**3 + 9*w**2 + 11*w + 21. Suppose -4*f + 20 = -20. Let k(j) = 4*j**2 + 0*j + f + 0*j**2 + 3*j**3 + 5*j. Let a(g) = -4*h(g) + 9*k(g). Give a(0).
6
Let f(p) = p. Let v(x) = -x**2 - x - 3. Let b(z) = 6*f(z) + v(z). Calculate b(5).
-3
Suppose 1 = -3*f + 16. Suppose 3*w - 9 - 14 = -4*i, -5*w - i = -27. Let j(d) = 2 + d**2 + 8 - w*d - 3. Give j(f).
7
Let o be 28/12 + (-4)/(-6). Suppose -2*m - 15 = -5*m + 3*t, 0 = -o*t - 12. Let q(f) = -1 - 2*f**2 + 0 + 0*f**2 + 8*f**3 + 2*f. Give q(m).
7
Let m(p) be the first derivative of -3 - 1/3*p**3 + 1/2*p**2 + 8*p + 1/4*p**4. Calculate m(0).
8
Suppose 0 = 5*d + 5*s - 35, -2*s - 40 = -3*d - d. Let q(x) = 6 + 11 + x**2 - 8*x - d. Calculate q(6).
-4
Let c(q) = -q**2 + 2*q + 1. Let u(m) be the third derivative of -m**4/24 + m**3/6 - 4*m**2. Let t be u(3). Calculate c(t).
-7
Let f(k) = -k**3 + 6*k**2 - 6*k. Let t be (-24)/(-36) + 26/6. Give f(t).
-5
Let h(o) = -5*o**2 - 6*o - 4. Let g(p) = 4*p**2 + 5*p + 3. Let y(t) = 6*g(t) + 5*h(t). Give y(-2).
-6
Let s(p) = p - 2 + p - 5*p. Let x = 113 - 109. Give s(x).
-14
Let h(m) = -m**3 + 2*m**2 + m + 1. Let z be h(2). Let g(u) = -u**3 + 3*u**2 + u - 3. Let w be g(z). Let r(q) = 12*q + q**2 - 12*q + 7 + 0*q**2. Give r(w).
7
Let m(q) = -2*q - 10. Let x(j) = -2*j - 11. Let g(u) = 6*m(u) - 5*x(u). Let w = 6 - 11. What is g(w)?
5
Let k(l) = -2*l + l - 2*l + l**2 + 3. Give k(4).
7
Let d(j) = -2*j**2 - 2*j + 2. Suppose -2*u = -3*g - 5, -3*u - g = u + 11. Calculate d(u).
-2
Let n(q) = -q**2 + 5. Suppose -4 = -5*z + 2*g - 27, 0 = 3*g + 3. Determine n(z).
-20
Let m(u) = 4*u**3 + 3*u**2 - 4*u - 4. Let q(j) = -3*j**3 - 2*j**2 + 3*j + 3. Let d(w) = 2*m(w) + 3*q(w). What is d(0)?
1
Suppose 4*i + 10 = 6*i. Let b(t) = -4*t + 2 + 3*t + 2 - i. What is b(0)?
-1
Let n be 15/10 + (-3)/2. Suppose n*l + 5*c = 2*l + 23, -12 = 3*l - 3*c. Let g(x) = 2 - 2 + 12*x**2 - l. Give g(-1).
11
Let q(w) = -3*w - 3. Let b be 6/4 + 2/8*-14. Give q(b).
3
Let f(g) = 5*g. Let c be f(1). Suppose q - w + 6 = 5*q, -q = -3*w + c. Let d(m) be the first derivative of m**4/4 - 2*m**3/3 - m**2/2 + m - 2. Calculate d(q).
-1
Let b(c) = -c**3 + 7*c**2 - 4*c - 5. Let y = -10 + 21. Suppose -5*a + 0*a - y = -f, -2*f - 5*a + 7 = 0. What is b(f)?
7
Let m(l) = -l**3 - 5*l**2 - 3*l - 6. Let d = 8 - 4. Suppose -d*v - 12 = -3*x - 2*v, -v = 0. Suppose -x*s - 5*k = s + 25, -3*s + 4*k - 15 = 0. Give m(s).
9
Let k(w) = -5*w - 8. Let r(o) = 2*o + 3. Let m(l) = 3*k(l) + 8*r(l). Suppose -j + 15 = -5*x, 3*x = 4*j + 6 + 2. Give m(j).
-5
Let r be 1 - (-4)/(-8)*-4. Let o(g) = r*g**2 - 3*g - 2*g**2 + 2*g + 5*g - 8. Give o(-6).
4
Let m(r) = 4 - r**3 + 2*r**3 - 2*r**3. Suppose 2 = b - 2. Suppose -n + 2 - 5 = -5*d, -2*d = -b*n - 12. What is m(d)?
4
Let i(q) be the first derivative of -2/3*q**3 + 0*q**2 - 1 - 2*q + 1/4*q**4. Suppose -2*m = 3*m + 4*u + 10, -26 = -3*m + 4*u. Calculate i(m).
-2
Let h(b) = 3*b - 3. Let i(g) = 8*g - 9. Let v(p) = 11*h(p) - 4*i(p). Determine v(-3).
0
Let h be 3 - (-2 + 3) - 4. Let m(w) = 6*w**2 - 3*w. Let v(n) = n**2 - n. Let p(f) = h*v(f) + m(f). Let o be (3/2 + -2)*2. What is p(o)?
5
Let q(g) = 4*g**2 - 5*g - 5. Let h(p) = 7*p**2 - 10*p - 9. Let u = -8 - -15. Let w = -4 + u. Let o(m) = w*h(m) - 5*q(m). Calculate o(4).
-6
Let l(d) = -2*d + 1. Suppose 6 = -2*u, 2*u + 20 = 2*g - 0*u. Calculate l(g).
-13
Let w = -7 + 3. Let o(h) = h - 4. Give o(w).
-8
Let m(u) = -3 + u**2 + 23*u + 1 - 24*u. Determine m(5).
18
Let l(b) be the second derivative of 0 + b**3 + 3*b + 1/2*b**2. Determine l(1).
7
Let m(g) be the second derivative of g**6/720 + g**5/40 - g**4/3 + 3*g. Let x(z) be the third derivative of m(z). Calculate x(-5).
-2
Let c(w) = 2*w - 28. Let x(r) = r - 9. Let o(u) = -3*c(u) + 10*x(u). Determine o(4).
10
Let c(o) = -o**2 + 4*o + 4. Let r be 8 - ((-4)/2 - -6). Give c(r).
4
Let a(m) = 2*m**2 + 6*m + 1. Suppose -3*k - 12 = 3*c - 2*c, -k = 3*c + 4. Calculate a(k).
9
Let h(u) = -u - 1. Let w(b) = 3*b + 11. Let d(i) = 4*i + 16. Let f(a) = 5*d(a) - 8*w(a). Let t(o) = f(o) - 5*h(o). Determine t(5).
2
Let n(s) = 2*s**2 - 5*s - 5. Suppose 3*b - 18 = -3. What is n(b)?
20
Suppose 0 = 3*b + 2*t - 2, 0*b - 22 = -3*b + 2*t. Suppose b*j - 21 = -3*j. Let k(c) = c - 1. Determine k(j).
2
Let z(o) be the second derivative of 0 + 2*o - 2*o**2 - 5/6*o**3 + 1/6*o**4. Let g be (-4)/2*-1*2. Give z(g).
8
Let u(n) = -29*n + n**3 + 14*n + 16*n + 1. What is u(2)?
11
Let f(k) = k**3 - 4*k**2 - 3*k. Let n(w) be the first derivative of -w**3/3 - 4*w**2 + 4*w - 7. Let l be n(-8). Give f(l).
-12
Let v be -1 - (-1 - (1 + -1)). Let j(t) = -3*t + 3*t - 3 + 5*t - 4*t. Give j(v).
-3
Let g(m) = -m**3 - 6*m**2 - 4*m + 4. Let l(v) = -3*v**2 - 8. Let x(q) = 2*q**2 + 4. Let r(b) = -3*l(b) - 5*x(b). Let o be r(-3). What is g(o)?
-1
Suppose 14 = n - 3*n. Let l(y) = -y - 2. Determine l(n).
5
Let p(g) = g - 17. Let t be p(9). Let c be 12/((-4)/t*4). Let n(o) = o**3 - 7*o**2 + 4*o + 8. What is n(c)?
-4
Let k = -94 - -91. Let w(d) = -4*d - 3. Determine w(k).
9
Let u(c) = c**2 - 4*c + 5. Suppose -d = -4*h + 13, 3*d + d + 22 = h. Suppose 0 = -h*l + l + 2. Suppose -l*v + 16 = 3*z, 4*z - 3*v + 3 = 13. Determine u(z).
5
Let u = 109 - 105. Let n(f) be the first derivative of 1/2*f**2 + 9*f - u. Give n(-4).
5
Let b(f) be the third derivative of f**5/60 - f**4/6 + 5*f**3/6 - 2*f**2. Suppose 2*d - r - 4*r = -16, 8 = -d - r. Let a(c) = -c - 4. Let m be a(d). Give b(m).
5
Let a(j) = 8*j. Suppose 2 + 2 = 2*l. Determine a(l).
16
Suppose -q = 4*u - 18, 3*u - 2*q - q - 6 = 0. Let v be 6/8*(3 + 1). Let j(n) = 2 - v*n + u*n + 2*n - 2*n. Calculate j(2).
4
Let s(k) be the third derivative of k**6/120 + k**5/60 - k**4/8 + k**3/3 + 9*k**2. Determine s(2).
8
Let d(g) = g**3 + 8*g**2 - g - 8. Suppose -5*q + 4*i = -11 + 39, 3*q - 5*i = -9. What is d(q)?
0
Let o(r) = 2*r**2 - 2 - 2 + 2 + r + 0*r**2 + 2*r**3. Calculate o(-2).
-12
Let b(y) = 2*y - 3. Let d = 19 - 17. Suppose c + 3 = d*c. What is b(c)?
3
Let d(v) be the first derivative of v**4/4 - 4*v**3/3 + 2*v - 10. Calculate d(4).
2
Let x(a) = -a + 18*a**2 - a**3 - 8 + 0*a**3 - 10*a**2 - 3*a. Calculate x(7).
13
Let r be 6/8 + 325/100. Let p(j) = -2*j - 1. Determine p(r).
-9
Let o(h) be the first derivative of -h**6/360 + h**4/12 - h**3/3 - 1. Let g(a) be the third derivative of o(a). Let d = 6 + -6. Calculate g(d).
2
Suppose 8*g - 10 = -2. Let n(i) = -7*i**2. Give n(g).
-7
Let u(r) = r**2 - 9*r + 8. Suppose -3*s = s + x - 20, s - 14 = 2*x. Give u(s).
-10
Let x(a) = 2 + 4 - 5 - a + 2*a. Determine x(-2).
-1
Let a = 4 - 8. Let t be (-105)/20 - 1/a. Let w(c) = -7*c**3 + c**2 + 5*c. Let h(l) = -l**3 + l**2 + l + 1. Let y(m) = -6*h(m) + w(m). Determine y(t).
-1
Let z(v) = -4*v + 5. Suppose 11*o - 48 + 4 = 0. Give z(o).
-11
Let m(q) be the first derivative of -q**2 + q - 3. Suppose -2*s = 5*x + s + 8, 0 = -2*x + 3*s + 1. Determine m(x).
3
Let d(c) = -1 - 5*c**2 + 15*c**2 - 2*c - 11*c**2. Let i(g) = 2 - 2*g + g - 4*g - g**2. Let q be i(-5). Determine d(q).
-9
Suppose -2*t = -22 + 8. Let j = -6 + t. Let p(f) = 3*f**2 - 2*f + 1. Give p(j).
2
Let u(d) = d**3 - d**2 - d + 4. Let c(v) = -v**3 + v**2. Let z(w) = -2*c(w) - u(w). Let y(t) = t. Let m be y(0). Determine z(m).
-4
Let v(j) = -j**2 - 